*i = 4*i + 15. Is y prime?
False
Is (-68060)/(-380) + (-2)/19 a composite number?
False
Let y(l) = l**2 - l - 2. Let p be y(2). Let k = -2 - p. Is k/(-2)*62/2 composite?
False
Let g = 11863 + -6600. Is g prime?
False
Let l(h) = h. Let r be l(8). Let c = -4 + r. Suppose -3*n - 79 = -3*u + u, -u - c*n = -67. Is u prime?
True
Is (-4)/(-14) + 10268/28 prime?
True
Let t(l) = 11*l**3 + 10*l**2 + 3*l - 15. Is t(7) prime?
False
Let h be ((-12)/5)/((-2)/(-10)). Let j be (4/6)/(h/(-954)). Let c = j + -22. Is c a composite number?
False
Suppose -2*l - 3*y = 11, -l + 0*y + y + 2 = 0. Let x be 4*l/2*4. Let v = x - -15. Is v prime?
True
Let p be 2/2 + (2 - 225). Let r be (-18)/(-4)*p/9. Is r*((-12)/9 - -1) composite?
False
Suppose 3*w - 4*r + 11 = 0, -4*w + 6 = 3*r - 21. Suppose -w*m - 6*y + y + 369 = 0, 0 = 4*m - 4*y - 492. Is m a composite number?
True
Suppose -3*a + 267 = 7*o - 4*o, -5*o = 0. Let u = a + -52. Is u a prime number?
True
Let k(g) = -g**3 + 8*g**2 + 7*g - 2. Let a be k(7). Let d = a + -26. Suppose -2*r + d = -0. Is r a prime number?
False
Let o(c) = -c**2. Let k be (4 - 6)/((-4)/(-2)). Let v be o(k). Is v*(-4)/(4/79) prime?
True
Let g(w) = -w**2 + w - 40. Let y be g(0). Let t = 87 + -25. Let m = t + y. Is m composite?
True
Let p(o) = o + 7. Let a be p(-7). Suppose a = 3*t + t - 636. Suppose 5*x - 147 = -4*l, -2*x - t = l - 6*l. Is l prime?
False
Let a(l) = 41*l - 1. Let q be a(-1). Suppose -3*x + 2*s - 4*s - 221 = 0, 0 = 2*x + s + 147. Let p = q - x. Is p prime?
True
Suppose 0 = -3*r - g + 1814 + 366, -r = -2*g - 715. Suppose r = 5*u - 445. Let a = u - 89. Is a composite?
True
Let l = 1044 + -235. Is l a composite number?
False
Let p(r) be the second derivative of -r**5/20 + 2*r**4/3 + r**3/3 + 2*r**2 + 9*r. Suppose -7*g + 25 = -2*g. Is p(g) prime?
True
Suppose 5*h = -2*i + 9, -3*i - i - 27 = -5*h. Suppose -w - 32 = -2*w + 2*r, -w = h*r - 12. Suppose -4*d = -w - 0. Is d a composite number?
True
Suppose -j + 81 = -50. Is j a composite number?
False
Let z(d) = -d + 7. Let c be z(5). Suppose f + c - 5 = 0. Suppose -63 = f*n - 6*n. Is n a prime number?
False
Let y(f) = 2*f**2 - 6*f - 1. Is y(5) a composite number?
False
Suppose 204 - 12 = -t. Let w = t + 281. Let f = w + -63. Is f composite?
True
Let q be 1/((-1 - -2)/(-39)). Suppose 6*n + 15 = n, 0 = -3*k + 4*n + 204. Let g = k + q. Is g a prime number?
False
Suppose -5*k + 0*k - 3*m = 0, -5*m = -4*k. Suppose 5*i - 185 = -k*i. Is i a prime number?
True
Suppose 0 = m + 10 - 144. Is m - 2*9/6 prime?
True
Let j(m) = 24*m**2 - 15*m - 17. Let d(q) = 12*q**2 - 8*q - 9. Let c(f) = -11*d(f) + 6*j(f). Let k(u) = -4*u + 14. Let h be k(4). Is c(h) prime?
False
Let k(c) = -2*c**3 - 4*c**2 + 8*c + 9. Let n(z) = -1. Let l(y) = k(y) + 6*n(y). Is l(-5) a composite number?
False
Let m = 21 - 13. Let y(k) = 5 - 5 + 5*k + 7. Is y(m) a composite number?
False
Suppose -304 = -3*z - 67. Is z a composite number?
False
Suppose -2*f + 416 = -2*p + 3*p, -3*f = 5*p - 2045. Suppose -5*g = -p - 259. Is g a composite number?
True
Is (149/2)/(-3 - 21/(-6)) composite?
False
Let d = 1785 + -973. Suppose 0 = -q - 3*q + d. Is q prime?
False
Is -2 - (-1 + (-360)/4) composite?
False
Let k(a) = -4*a - 3. Is k(-6) composite?
True
Let p = 29 + 225. Is p prime?
False
Suppose 6*o = 3*o + 2733. Suppose 3*s + 111 = 1365. Suppose 3*d - o - s = 0. Is d composite?
False
Suppose 0*m - 10 = -2*m. Let j(d) = d**3 - 7*d - 1. Is j(m) a prime number?
True
Let b be 14/6 + (-6)/18. Let z be 22 - b*(-3)/(-2). Suppose -6*d + f + 57 = -3*d, 4*f = -d + z. Is d composite?
False
Let u be (1/(-1))/(4/(-36)). Suppose -58 = 8*l - u*l. Is l composite?
True
Suppose 0 = -7*b + 10*b. Suppose -4*o + 1276 + 540 = -4*c, b = 5*c - 15. Is o a composite number?
False
Suppose 4*o - 2112 = 116. Is o a composite number?
False
Suppose -5*t - 10 = 5*o, -5*t - 3*o + 30 = -6*o. Let h be 1/t + 2935/(-3). Is 2/6 - h/9 a composite number?
False
Suppose 3*a - 1093 = 989. Is a a composite number?
True
Let h(o) = 7*o**2 - 6*o + 3. Let p(q) = -6*q**2 + 6*q - 4. Let n(l) = -5*h(l) - 6*p(l). Suppose 0 + 9 = 3*m, 4*c - 5*m - 9 = 0. Is n(c) a composite number?
True
Let k(q) = -q**3 + 10*q**2 + 10*q + 11. Let j(i) = i**2 - 7*i. Let y be j(8). Is k(y) a prime number?
False
Let k(m) = -m + 192. Let g be k(0). Let x = g + -115. Is x a composite number?
True
Suppose -1566 - 3004 = -5*m. Is m a prime number?
False
Let s(b) = 77*b - 8. Is s(11) composite?
False
Suppose o = 4*v - 5, v = -0*v + 3*o + 15. Suppose 5 = c + 1. Suppose v*n + 101 = 5*g - c*n, -46 = -2*g - 4*n. Is g a composite number?
True
Let n(a) = -70*a + 1. Let p(j) = -69*j + 1. Let z(h) = 2*n(h) - 3*p(h). Is z(4) a composite number?
True
Suppose -2*h + 0*k - 9 = 3*k, 0 = -h + 2*k + 13. Is (0 + (-974)/(-6))*h prime?
True
Suppose 0 = -5*f - 4*a + 4477, 0 = 4*f + 3*a + a - 3584. Is f composite?
True
Suppose 4*z - 393 = -3*r, -4*z - 2*r + 493 - 103 = 0. Suppose -4*f + 5*m + 142 = 13, z = 3*f - 3*m. Suppose -2*d = -3*d + f. Is d a composite number?
False
Suppose 0 = -3*n + 2*n + 5*s + 18, -5*s = 15. Suppose 2*x - n*z = -6*z + 46, 46 = 2*x - 2*z. Is x prime?
True
Let s(j) = j**2 - 3*j + 4. Let p be s(3). Suppose -46 = p*f + 74. Let q = 43 + f. Is q composite?
False
Let s(l) = 2*l**2 - 6*l - 1. Let z = -3 - 1. Is s(z) composite?
True
Let z = 792 - 397. Is z composite?
True
Let p(n) = -n**3 - 4*n**2 + 6*n + 3. Let o be p(-5). Is (-27)/o - (-3)/(-6) prime?
True
Let a be (-3)/((-3)/(-2)*-1). Let d(c) = 2*c**2 - 1. Let z be d(a). Suppose -3*m + z*m - 260 = 0. Is m prime?
False
Let z = 49 - -70. Is z composite?
True
Is (5 - (-33)/(-7)) + (-5722)/(-14) composite?
False
Suppose 2*b - 7*b = 0. Let k(t) = t**2 - t + 2. Let c be k(b). Is (-2 + -19)/((-3)/c) a prime number?
False
Suppose -38 = -2*x + 156. Suppose t - 300 = -x. Is t prime?
False
Let r = 77 - 19. Is r a prime number?
False
Let k be (-80)/(-35) + 2/(-7). Is (k/(-4))/(1/(-134)) composite?
False
Let w(t) = t**2. Let z be w(2). Suppose -2*d - z*o + 246 = 0, 0*o - 2 = -2*o. Is d prime?
False
Let z = 3 + 5. Suppose -2*l = 3*s - 51, 2*s - 4*l = -2*s + 88. Let t = s - z. Is t composite?
False
Suppose 4*z + i = 5*i + 272, 66 = z - 2*i. Let j = z - 33. Let l = 21 + j. Is l composite?
True
Suppose s = -4, -3*s - 6 = 3*d - 0*s. Let y be d*(4 + -1) + -3. Suppose 2*v - y*f = 373, 2*v + 247 = -4*f + 641. Is v composite?
False
Suppose 3 + 1 = 2*x. Suppose x*q = -0*q + 366. Is q a prime number?
False
Is (5/4)/5 - (-3254)/8 a composite number?
True
Let q = 306 - 175. Is q a composite number?
False
Let q(l) = 11*l + 18. Let o(w) = 4*w + 6. Let a(d) = 8*o(d) - 3*q(d). Let s be a(0). Let n(x) = -x**3 - 6*x**2 - 7*x - 5. Is n(s) composite?
False
Let u = 3954 + -2803. Is u prime?
True
Suppose -699 = -3*r + 516. Suppose -5*u + 40 = -r. Is u composite?
False
Let s(u) = -3 + u**3 + u**2 - u - 2*u**2 + 0*u**2 + 4. Let w be s(1). Suppose j + 290 = -w*i + i, -4*i = -5*j - 1157. Is i composite?
False
Suppose -3*i = 2*i - 725. Is i a composite number?
True
Let a = 128 - 61. Is a a prime number?
True
Let c be (-12)/(-42) + 24/14. Suppose 5*g = c*g + 627. Is g a prime number?
False
Let o = -90 - -177. Let h be (1 - (-2 + 5)) + o. Let u = -50 + h. Is u a composite number?
True
Let x be -4 + 59 + -3 + 1. Suppose 2*b - 28 = 32. Suppose u - x = b. Is u composite?
False
Let a(h) = 2*h**2 + 6*h + 13. Is a(-5) composite?
True
Suppose 3*h = 2*h + 71. Is h a composite number?
False
Suppose 0 = 4*x - 9*x + 7835. Is x a prime number?
True
Let b be ((-12)/(-10))/((-3)/(-110)). Suppose b = -0*o - 2*o. Let s = 1 - o. Is s a prime number?
True
Suppose -115 = -16*b + 15*b. Is b prime?
False
Let l(w) = -w**2 + 2*w - 1. Let q be l(-6). Let j = -30 - q. Is j a composite number?
False
Let m be (-8)/6*-1*6. Suppose 298 = 5*n + m. Suppose -n = -o + 19. Is o a prime number?
False
Suppose 8477 = 8*l - l. Is l prime?
False
Let g(v) be the third derivative of 11*v**7/840 - v**6/180 - v**5/60 + v**4/8 + v**3/6 - 2*v**2. Let s(n) be the first derivative of g(n). Is s(2) prime?
True
Let l be 76/(((-6)/(-9))/1). Suppose -k = -l + 37. Is k composite?
True
Let s(u) = u**2 - 5*u. Let t be s(5). Suppose -5*j + 4*j - 3 = t. Is 2 + 2 - (j - 0) a composite number?
False
Let h(d) = 2*d - 4. Let z be h(7). Suppose n - 50 = z. Suppose 4*w - n - 40